-2)/((-4)/(-6)*(-2)/(-8)). Let c = 14 + -34. Is (g/(-20))/((-2)/c) a multiple of 2?
True
Suppose -4*l = -15 - 33. Is 24 a factor of 3414/36 + 2/l?
False
Let t = -28 - -40. Is t a multiple of 5?
False
Let j(q) = 4*q**2 + 5*q + 7. Let d(w) = 7*w**2 + 9*w + 13. Let u(s) = 3*d(s) - 5*j(s). Is u(-6) a multiple of 11?
False
Let d = 72 + -102. Let a = 59 + d. Is 8 a factor of a?
False
Let f(m) = 15*m - 18. Is 20 a factor of f(8)?
False
Let v = -13 - -18. Is 5 a factor of v?
True
Let z(d) = 42*d**2. Let v be z(-1). Does 9 divide v/4*(-48)/(-28)?
True
Suppose -w = w. Suppose q + w*q - 12 = 0. Is 12 a factor of q?
True
Let c be 2/(-5) - 7/(-5). Let b = 2 - c. Is 4 a factor of (b/2)/(1/14)?
False
Let p(q) = -q**3 + 8*q**2 - 6*q - 4. Let i be p(7). Let z = 0 + i. Is z a multiple of 2?
False
Suppose 0 = -4*j + 3*j + 2, -5*j = 2*f - 210. Suppose -5*y + 428 = 2*w, y = -7*w + 3*w + f. Suppose 2*k - y = -8. Is k a multiple of 19?
True
Let s = 329 - 62. Does 45 divide s?
False
Suppose -4*n + 5*w - 235 = 0, 62 = -2*n + n - 2*w. Is (2/(-5))/(2/n) a multiple of 10?
False
Let w be 1/(-4) + 14/(-8). Suppose 0 = f - 1 - 2. Does 4 divide f/(w + (-22)/(-8))?
True
Let v = -113 + 142. Is v a multiple of 2?
False
Let f = 0 - 1. Let o(r) = -7*r**3 + r**2 - r - 1. Is o(f) a multiple of 8?
True
Suppose -n + 8 = n. Suppose 35 + 13 = n*p. Suppose s - p = 4. Does 8 divide s?
True
Let v be -2*(3/(-6) - 2). Suppose 0*o - 3*o - 2*p + 174 = 0, -4*o + v*p + 255 = 0. Suppose o = 4*c - 44. Does 9 divide c?
False
Is 39 a factor of (11*7 - 1) + 22/11?
True
Let x(j) = -4*j**3 + j**2 - 1. Let c be x(1). Let s(z) = -z + 2. Let h(i) = -1. Let k(l) = 5*h(l) + 2*s(l). Is 3 a factor of k(c)?
False
Let j be (-93)/(-6) - (-1)/(-2). Let p = j + -4. Does 5 divide p?
False
Suppose 3*k - 7*k = 0. Suppose -3*z + k*z = 30. Is 9 a factor of z/(-3)*18/5?
False
Let i = 79 + 10. Does 28 divide i?
False
Is 15 a factor of (0 - (-4)/(-3))*(-423)/6?
False
Let m(p) = 27*p**2 + 2*p + 4. Let z be m(-2). Suppose 0 = 3*h - z + 18. Is h a multiple of 15?
True
Let v = 26 + -4. Does 22 divide v?
True
Let f(i) = 47*i**3 + 2*i**2 - 1. Is 12 a factor of f(1)?
True
Suppose 0 = -5*g + 3*g + 2. Suppose 3*d = -q + 18, -d + 4 - g = 0. Is q a multiple of 6?
False
Suppose 5*o - 5*u = -95, -4*u - 30 - 20 = 2*o. Let l = o + 40. Is l a multiple of 19?
True
Is 6 a factor of 20/3*18/12?
False
Suppose 77 + 428 = 5*r. Suppose 5*b - 31 = -4*d + 164, -2*b + r = -3*d. Suppose -3*i - q = 2*i - 51, -4*i - 3*q = -b. Does 10 divide i?
True
Let g(i) = -i + 2. Let s be g(0). Suppose -28 - s = -2*y. Is y a multiple of 5?
True
Let h = 2 + -46. Suppose 0 = 6*d - d + 320. Let n = h - d. Is n a multiple of 15?
False
Does 18 divide (-6)/1*3/(-9) + 39?
False
Let q = 155 - 119. Does 4 divide q?
True
Suppose 5*z = 32 + 13. Let s(w) = 5*w + 2. Is 19 a factor of s(z)?
False
Let b be 1/(-4) + 2/8. Suppose 3*o - 216 = -2*a + 7*a, b = 5*a. Let h = o + -46. Does 9 divide h?
False
Suppose -249*r = -245*r - 992. Is 24 a factor of r?
False
Let n = 42 - 70. Let x = -7 - n. Does 7 divide x?
True
Let j(k) = -k**2 + 12*k + 14. Is j(7) a multiple of 38?
False
Suppose 14 = -5*s + 4. Is 10 a factor of (-9)/6*(s + -8)?
False
Let f(u) be the third derivative of u**5/12 + u**4/24 - u**3/6 + u**2. Is f(1) a multiple of 4?
False
Is -33*3*(-8)/36 a multiple of 7?
False
Let q be 40/18 - 10/45. Suppose 144 = 4*o + a, 0 = q*o + 3*o + 2*a - 180. Is o a multiple of 17?
False
Let w(z) = z**3 + 114. Is w(0) a multiple of 25?
False
Let s(w) = -w**3 + 7*w**2 + w + 6. Let o be s(6). Suppose 2*j = -2*x + 4*j + 16, -4*x - 4*j = -o. Is 5 a factor of x?
True
Is 84*(20/(-16) + 2) a multiple of 21?
True
Let k(l) = l**3 + 6*l**2 + l + 7. Let s be k(-6). Is 9 a factor of 3 - ((1 - 45) + s)?
False
Let i = -8 + 10. Suppose -i*q - 25 = -7*q + 5*d, -15 = -3*q - 3*d. Is q a multiple of 2?
False
Let i(r) be the second derivative of r**5/20 + 2*r**4/3 + 4*r**3/3 + 5*r**2 + 6*r. Is i(-7) a multiple of 3?
True
Let u(v) = v**2 - 3*v + 7. Does 11 divide u(-7)?
True
Is -26*(9/(-6))/3 even?
False
Suppose f = -b + 75, 0 = -2*b + 3*b + 3*f - 81. Let s = 2 - 0. Suppose 0 = s*a + a - b. Is 12 a factor of a?
True
Let f = -7 - -10. Let t be ((-17)/f)/(5/15). Does 17 divide t/2*(-2)/1?
True
Suppose -81 = -0*h - 3*h. Let o = 51 - h. Is o a multiple of 12?
True
Let q = 12 + 144. Is q a multiple of 21?
False
Let a = 83 + 9. Is a a multiple of 22?
False
Suppose -s - 366 = 4*j, -6*s + 280 = -3*j - 4*s. Suppose -280 = 2*g + 2*l, 4*g + 545 = -0*g + l. Let t = j - g. Is 14 a factor of t?
False
Let r(u) = u**2 + 4*u + 3. Let q be r(-3). Suppose 4*w = 0, q*s + 2*s - 5*w = 36. Does 8 divide s?
False
Suppose -6*q = -12*q + 576. Is q a multiple of 13?
False
Suppose 187 = 5*o - 193. Does 19 divide o?
True
Let b(t) = -4*t - t**3 + 2*t + 38 + t**2 + t. Is b(0) a multiple of 19?
True
Let j be 1*-1 + 0/6. Does 10 divide j - -11 - (4 - 6)?
False
Let u be 41 - -2 - (-5 + 2). Suppose 0 = -5*s + u + 14. Is 9 a factor of s?
False
Suppose 4*h = -11 - 29. Let n(g) be the third derivative of -g**4/24 - 5*g**3/6 - g**2. Does 5 divide n(h)?
True
Let x = 23 - 7. Is x a multiple of 3?
False
Suppose -x - 10 = -6*x. Suppose 0 = x*g - g - 48. Is 16 a factor of g?
True
Let j(r) be the first derivative of -3*r**4 - 1. Let z be j(1). Is (8 + z)*(-42)/8 a multiple of 6?
False
Is 13 a factor of 2742/210*5 - (-4)/(-14)?
True
Let s(h) = -h**3 - 17*h**2 - 3*h - 8. Does 8 divide s(-17)?
False
Let w(m) = -8*m + 12. Let y be w(-6). Suppose 0 = -11*z + 6*z + y. Is z a multiple of 6?
True
Suppose 5*h - 67 = 3*h - 5*q, -2*h + 74 = -2*q. Does 7 divide h?
False
Suppose -4*g + 5 + 7 = 0. Suppose 14 = b + c, -4*b = -2*b + g*c - 30. Is b a multiple of 8?
False
Let d = 2 + 0. Suppose -3*m = -d*m - 23. Suppose x - m = -2*z - z, -z = 1. Does 9 divide x?
False
Is 4/30 + (-5)/((-150)/3746) a multiple of 25?
True
Suppose 7 = -2*u + 3*g, -2*u + 5*g = -0*u + 17. Does 3 divide (-24)/(-14)*42/u?
True
Let m = 170 + -125. Is 4 a factor of m?
False
Does 13 divide 0 + 0 + 468/(-2 - -8)?
True
Let u be 1/((-1)/(1 - -1)). Is 8 a factor of (u/4)/(3/(-48))?
True
Suppose 0 = -5*t - s - 44 + 8, 17 = -2*t - 3*s. Does 10 divide (-304)/(-14) - 2/t?
False
Suppose -87 = -m + 4*q, 176 + 0 = 3*m + 5*q. Is m a multiple of 11?
False
Suppose 4 = 2*g - 2. Suppose g*u - 56 = 2*w, -4*w - 20 = w. Is 16 a factor of u?
True
Suppose 5*o - 325 = -135. Suppose -c = -2*c + o. Is c a multiple of 6?
False
Let j(h) = -h**2 + 11*h - 12. Let n be j(8). Suppose -i = -2*i + n. Is i a multiple of 6?
True
Let o(a) = 12*a - 6. Let d = -9 + 7. Let s = d - -6. Is 11 a factor of o(s)?
False
Let y(u) = -u + 8. Let w be y(6). Suppose 5*x - 17 = -k, -5*x - k - w*k = -21. Let l = 21 - x. Is l a multiple of 7?
False
Let v(l) = l**2 + 8*l + 4. Let z be v(-8). Let k = 5 - -11. Suppose 3*n + z*q = 37 + k, -20 = -2*n + 5*q. Does 6 divide n?
False
Let k(t) = t**2 + 4*t - 8. Let u be k(-6). Is 11 a factor of (-1)/(-2) + 42/u?
True
Let i(d) = d**2 + 1. Let w be i(2). Is 13/w - (-6)/15 a multiple of 3?
True
Let r be -1 + 0 + (119 - -2). Suppose 0 = 2*z - 5*z + r. Suppose 0 = -4*h - 0*h + z. Is h a multiple of 10?
True
Let z(b) = -6*b**3 - 2*b**2 + 1. Let p be z(-1). Suppose p*v = 10, -4*i = 4*v - 3*v - 10. Is 5 a factor of -1 + (26 + 0)/i?
False
Suppose -20 = 3*n - 8*n. Suppose -4*q = -104 - n. Is q a multiple of 9?
True
Let m(n) = 3*n - 3. Let t be m(2). Let h(g) = -t*g - 5 - 3*g + g. Is h(-7) a multiple of 12?
False
Let b(g) = -3*g**2 - 6*g - 6. Let n be b(-3). Is ((-40)/n)/(4/6) a multiple of 2?
True
Is 26 a factor of 182*((1 + -4)*1 - -4)?
True
Suppose 0 = -2*w - s + 3*s + 8, -4*w = -s - 19. Suppose -57 - 88 = -w*j. Does 11 divide j?
False
Let q be 10/(-15) + (-14)/6. Does 3 divide ((-1)/q)/((-4)/(-120))?
False
Let l(x) = -5*x**2 + x**2 + 0 + 4 - 3*x - x**3. Let d be l(-3). Let t = d - 0. Is t a multiple of 2?
True
Suppose 0 = 4*h - 6*h + 4. Suppose -o - h = o. Does 6 divide o - (1 - 9) - 1?
True
Let c = 166 - 128. Does 19 divide c?
True
Is (6/6)/((-5)/(-89))*5 a multiple of 7?
False
Let r(s) = -s + 6. Let z be r(4). Let q(o) = -4*o**2 - 1 - o**3 - 6*o - z*o**2 + 0. Is q(-5) even?
True
Let x(j) = 2*j**2 + 8*j + 11. Suppose 3 = m - 2*z, 2 - 15 = m + 2*z. Is 7 a factor of x(m)?
True
Let j(z) = -z**2 + 7*z + 2. Let s be 